Let z = -92 + 134. Calculate the greatest common factor of w and z.
6
Let m = -15470 - -15582. Calculate the highest common divisor of m and 104.
8
Let v(m) = 6*m**2 - 5*m - 7. Let c be v(-2). What is the highest common divisor of c and 123?
3
Suppose 0 = 72*r + 59*r - 127*r - 5952. Calculate the greatest common divisor of r and 1240.
248
Let t(s) = 3*s - 27. Let f(w) = 2*w - 26. Let g(p) = 5*f(p) - 4*t(p). Let y be g(-14). Calculate the greatest common divisor of 216 and y.
6
Let j(l) = 4*l**2 + 84*l - 118. Let x be j(13). What is the greatest common factor of x and 66?
66
Let b = 71 - 75. Let d be 137 + (-8)/(b + 0) - 0. Let m = d - 117. Calculate the highest common divisor of 11 and m.
11
Let v be (3 + 27)*(-6)/(-4). Let s = -9 + v. Suppose -5 = 7*z - 12*z, 5*z + 31 = 3*c. What is the greatest common divisor of c and s?
12
Let q = -192 - -96. Let n = -24 - q. Suppose 3*l = -2*r + n, -5*r = -l - 0*l - 214. Calculate the greatest common factor of 6 and r.
6
Let l = -115 + 434. Let o(i) = -i**3 + 11*i**2 - 38*i + 302. Let w be o(10). Calculate the highest common divisor of w and l.
11
Suppose 3*p = -5*p + 312. Let v = -413 - -608. Calculate the highest common divisor of p and v.
39
Suppose 3*l - 417*j - 24975 = -420*j, 2*j + 16650 = 2*l. What is the highest common divisor of l and 18?
9
Let v be -10*(-144)/25*(-30)/(-4). What is the greatest common factor of v and 243?
27
Let a be (-20)/(-30) + (-4)/(-3). Suppose 0*c + 30 = 4*t - 2*c, -a*t + 5*c = -35. Suppose t*i - 20 = 70. What is the greatest common divisor of 12 and i?
6
Suppose -2*f - 4*c + 30 = 0, 3*f + 2*c = f + 24. Suppose 3*u - 34 = 1 + 10. What is the greatest common divisor of u and f?
3
Let v = 15 + -23. Let a = v - -26. What is the greatest common divisor of a and 54?
18
Let f(r) = r**3 - 17*r**2 + 2*r + 62. Let y be f(17). Suppose 28*c - 4256 = 9*c. What is the highest common divisor of y and c?
32
Suppose -t - 485 = 4*t - 5*q, 0 = 4*t + 2*q + 400. Let w be (18/54)/(4/(-522))*2. Let u = w - t. Calculate the highest common divisor of 1 and u.
1
Let p be 4/(56/(-7))*-654. Let c = p - 195. Calculate the greatest common divisor of 24 and c.
12
Let q be (-570)/((-9)/3 + 9/2). Let u be (q/2)/(-2)*1. Suppose f - 6*f = -u. Calculate the highest common factor of f and 57.
19
Let l(t) = -4*t - t + 8384*t**2 - 65 - 8380*t**2. Let o be l(-5). What is the greatest common factor of o and 440?
20
Suppose 3866*s - 3851*s - 196845 = 0. Calculate the highest common divisor of s and 11.
11
Let i(w) = -2*w**3 + 134*w**2 + 5*w - 7. Let v be i(67). Calculate the greatest common factor of 246 and v.
82
Suppose 73*w = -354 + 1011. Calculate the greatest common divisor of 7785 and w.
9
Let w(d) = 2*d**3 + 59*d**2 - 264*d - 82. Let t be w(-33). Calculate the highest common factor of 53 and t.
53
Let a(o) = o**3 - 26*o**2 + 48*o + 26. Let n be (432/(-60))/((-3)/10). Let v be a(n). What is the highest common divisor of v and 546?
26
Let h(o) = o**3 - o**2 - 3. Let g(a) = 4*a**3 - 6*a**2 + 11. Let t(d) = g(d) - 3*h(d). Let p be t(5). What is the greatest common divisor of p and 308?
14
Suppose -571*m - 4512 = -573*m. What is the greatest common factor of 30 and m?
6
Suppose -22 - 5 = -9*f. Suppose -3*z + 3*i - 3 = 0, -5*i + 6 = -f*z - 3*i. Let y be 6/(-12) - 30/z. What is the highest common divisor of y and 49?
7
Let g be (-180)/(-35) + (-3)/21. Suppose -g*a = -2*a - 240. Let b = a - 45. Calculate the highest common factor of 7 and b.
7
Let l = -13 + 16. Let z(b) = 5*b - b - 2*b + 51. Let g be z(-12). Calculate the greatest common factor of g and l.
3
Let b(y) = y**3 - 7*y**2 + 10*y + 2. Let g = -34 + 39. Let f be b(g). Let a = f - -23. Calculate the greatest common factor of 5 and a.
5
Suppose -18*x = -19*x + 16. Let y(i) = i**2 + i + 22. Let d be y(0). Let z = 34 - d. Calculate the highest common factor of z and x.
4
Suppose -5*u - 3*i + 260 = 0, 5*u + 12*i = 8*i + 265. What is the highest common factor of u and 3283?
49
Suppose 5*m = m - 20, -k - 3*m + 316 = 0. Suppose -5*n = -10*g + 7*g + k, -4*g = -n - 447. What is the highest common divisor of 140 and g?
28
Let g be (-2)/3 - 192/(-18). Suppose -12*v + g*v + 48 = 0. Suppose -135 = -3*z - 5*d, 3*z - 4*z - 5*d + 55 = 0. What is the highest common factor of z and v?
8
Suppose 0 = -5*p - 4*h - 3333 + 231, 3*p - h + 1868 = 0. Let d = p + 766. Calculate the greatest common divisor of 64 and d.
16
Suppose -15*n + 7740 = -0*n. Let r = -423 + n. What is the greatest common divisor of 3 and r?
3
Let a(l) = 92*l**2 - 4*l**3 - 47*l**2 - l - 43*l**2 - 8*l**3 + 3*l. Let i be a(-1). What is the greatest common factor of 124 and i?
4
Let o(c) = c**2 - 3*c - 3. Let q be o(7). Let d(l) = -15*l**2 - 6*l - 4. Let y be d(-3). Let u = y + 296. What is the highest common factor of u and q?
25
Let h = -652 - -1324. Let u be 21*(1/(-1) - -5). Calculate the highest common divisor of h and u.
84
Suppose -4*l + 614 = 2*p, -4*l = -p + 529 - 198. What is the highest common divisor of p and 245?
35
Suppose j + 8 = 4*j + 2*a, -3*j = -3*a - 3. Let k(s) = -5*s - 2. Let o be k(j). Let u = o + 14. Calculate the greatest common divisor of 18 and u.
2
Let h be (-6)/5*(1 + 4). Let k be 2/1 + (h - -6). Let q(l) = 22*l - 8. Let x be q(k). Calculate the highest common factor of 4 and x.
4
Let q(i) = -449*i - 2378. Let p be q(-10). What is the highest common divisor of p and 55?
11
Suppose -13*p + 112 = 60. Let k be 224/p + (2 - 7). Calculate the greatest common divisor of k and 561.
51
Let s be 2/(-4) + 16 + 7490/20. Let k be s/((-48)/(-64) + (-1)/12). Calculate the greatest common factor of k and 45.
45
Suppose 6*t + 53*t = 10*t + 441. Calculate the highest common divisor of t and 2259.
9
Let x = -210 - -208. Let j be x/(-4 - -6 - 3). Calculate the highest common factor of 23 and j.
1
Suppose c + g = 9, 3*g - 27 = 5*c - 72. Calculate the greatest common divisor of 1293 and c.
3
Suppose n - 624 = 2*d + 563, -2*n + 3*d + 2371 = 0. Let q = 1665 - n. Suppose -r + 49 = 5. What is the highest common divisor of q and r?
44
Suppose -9 = -3*u, 3*x - u - 723 = 4*u. Let f = -30352 - -30434. What is the greatest common divisor of f and x?
82
Let f be (273 + -1)*(-61 - -62). What is the highest common factor of f and 104?
8
Let p be 5/((-20)/(-6))*14756/(-51). Let u = p - -479. Calculate the greatest common factor of 30 and u.
15
Let g be (-75)/(-30)*132/10. Let x be (-10)/10 + g + -2*1. Let c = x - 16. Calculate the highest common factor of 35 and c.
7
Let v be 158/8 - (-6)/(-8). Suppose 1440 = v*g - 13*g. What is the highest common divisor of g and 16?
16
Let g = -515 - -938. Let h(m) = m**3 - 4*m**2 + 8*m - 3. Let b be h(3). Suppose 2*v - b*v + 470 = 0. Calculate the highest common factor of v and g.
47
Suppose c - 81 = -2*c. Suppose 87277 = 297*i + 7439 - 8371. What is the highest common divisor of c and i?
27
Suppose -441*u + 110 = -419*u. What is the greatest common factor of u and 6220?
5
Suppose 25*w - 23*w + i = 360, -3*i - 166 = -w. What is the greatest common divisor of 14418 and w?
178
Let f(q) = -1142*q + 54924. Let r be f(48). Suppose -2*b = 2*b - 3*c - 55, -5*b = 3*c - 89. Calculate the highest common divisor of b and r.
4
Let s(u) = u + 32. Let b be s(17). Suppose 245 = f - 4*g - b, -4*f + 1164 = -4*g. Calculate the greatest common factor of f and 58.
58
Let z(f) = f**3 - f**2 - 9*f + 1. Let u be z(4). Let l be (-418)/(-8) - (u/4 + -3). What is the greatest common factor of l and 26?
26
Suppose 6113*d + 4160 = 6121*d. What is the greatest common factor of d and 70?
10
Suppose -9 = -o + 161. Let b = 254 - o. Let x be 60/100 + b/10. What is the highest common factor of 45 and x?
9
Let s = 148 + -201. Let d = 61 + s. Suppose 0 = -n - n + 128. Calculate the greatest common divisor of d and n.
8
Let q = 5136 + -5115. Let f be 5 - (3 - (5 + -2)). Let h = 16 + f. What is the greatest common factor of q and h?
21
Let q = 6883 - 3615. What is the greatest common divisor of q and 860?
172
Suppose 12*s = 13073 + 5083. Calculate the greatest common divisor of s and 178.
89
Suppose y = 1052*o - 1047*o + 9395, -3*y - 3*o = -28059. What is the highest common factor of y and 130?
130
Suppose -9*j + 5*j + 4 = 0. Suppose -r + 2 = -j. Suppose 0 = -3*v + 2*l + 48 - r, 3*l = -3*v + 45. What is the greatest